1771666?
False
Is 2256 a multiple of 47?
True
Is 93 a factor of 471673?
False
Does 4 divide 11189?
False
Does 41 divide 8507787?
True
Does 6 divide 170988?
True
Is 240 a factor of 130813?
False
Is 18635837 a multiple of 48?
False
Is 122 a factor of 3804082?
True
Does 22 divide 108777?
False
Does 3 divide 43416?
True
Is 6717150 a multiple of 825?
True
Does 7 divide 2007337?
False
Does 20 divide 420788?
False
Is 2050659 a multiple of 51?
True
Is 220371 a multiple of 447?
True
Does 19 divide 221761?
False
Does 229 divide 825952?
False
Is 42820 a multiple of 43?
False
Is 24 a factor of 869485?
False
Does 12 divide 27843?
False
Does 50 divide 28595?
False
Is 159154 a multiple of 34?
True
Does 13 divide 74351?
False
Is 194752 a multiple of 1088?
True
Does 392 divide 454418?
False
Is 1651062 a multiple of 3?
True
Does 15 divide 4312226?
False
Is 15 a factor of 58845?
True
Is 60 a factor of 360120?
True
Does 52 divide 1967603?
False
Is 76 a factor of 95081?
False
Is 835777 a multiple of 227?
False
Is 19 a factor of 8375488?
False
Is 14 a factor of 120078?
True
Does 62 divide 4670476?
False
Is 30 a factor of 4061354?
False
Is 254298 a multiple of 5?
False
Does 176 divide 85360?
True
Is 15 a factor of 1092852?
False
Is 6 a factor of 463662?
True
Does 17 divide 1068051?
False
Is 332052 a multiple of 413?
True
Does 1423 divide 9531918?
False
Does 97 divide 1099971?
False
Does 261 divide 12389721?
False
Is 16 a factor of 1562224?
True
Is 22 a factor of 691966?
True
Does 261 divide 5856549?
False
Is 10 a factor of 3719200?
True
Is 11 a factor of 4667772?
False
Is 1940639 a multiple of 13?
False
Does 64 divide 1366270?
False
Does 12 divide 636?
True
Is 452025 a multiple of 13?
False
Does 44 divide 1115752?
True
Does 42 divide 2723386?
False
Does 88 divide 262561?
False
Does 109 divide 4732671?
True
Does 73 divide 155583?
False
Is 102 a factor of 298632?
False
Is 2821110 a multiple of 401?
False
Is 64 a factor of 361816?
False
Is 485850 a multiple of 41?
True
Does 7 divide 1606080?
True
Does 10 divide 49529?
False
Is 1133028 a multiple of 702?
True
Does 38 divide 6548683?
False
Is 23 a factor of 232182?
False
Is 63 a factor of 64323?
True
Is 1853776 a multiple of 8?
True
Is 144804 a multiple of 136?
False
Does 209 divide 32813?
True
Is 797 a factor of 6578751?
False
Does 43 divide 630939?
True
Is 76 a factor of 9894592?
True
Is 8 a factor of 6917308?
False
Is 3111264 a multiple of 144?
True
Is 16 a factor of 2450422?
False
Does 597 divide 12088056?
True
Does 7 divide 553?
True
Does 202 divide 8282?
True
Does 22 divide 272826?
False
Does 399 divide 1225500?
False
Is 16162055 a multiple of 411?
False
Is 544720 a multiple of 176?
True
Does 11 divide 47498?
True
Is 239440 a multiple of 80?
True
Is 13 a factor of 77701?
True
Does 34 divide 133323?
False
Is 665634 a multiple of 19?
False
Is 5 a factor of 45190?
True
Is 9 a factor of 96182?
False
Is 105958 a multiple of 62?
True
Does 8 divide 390752?
True
Is 793888 a multiple of 184?
False
Does 14 divide 35770?
True
Does 885 divide 1888590?
True
Is 84 a factor of 2004106?
False
Does 26 divide 702468?
True
Does 14 divide 152208?
True
Is 740 a factor of 1029744?
False
Does 9 divide 1624367?
False
Is 366928 a multiple of 284?
True
Does 66 divide 172661?
False
Is 248 a factor of 259632?
False
Does 3 divide 64806?
True
Is 2208582 a multiple of 261?
True
Does 376 divide 142504?
True
Does 7 divide 135997?
False
Is 99 a factor of 871586?
False
Does 7 divide 609?
True
Is 136101 a multiple of 21?
True
Does 20 divide 506980?
True
Does 30 divide 1489362?
False
Does 92 divide 289616?
True
Is 16 a factor of 96506?
False
Does 21 divide 2318421?
True
Does 107 divide 501948?
False
Does 25 divide 3160687?
False
Is 1794071 a multiple of 3?
False
Is 5 a factor of 360907?
False
Does 54 divide 344574?
True
Is 23 a factor of 165945?
True
Is 5 a factor of 896474?
False
Is 129899 a multiple of 60?
False
Does 8 divide 147648?
True
Is 32 a factor of 167008?
True
Is 15996328 a multiple of 268?
False
Is 234241 a multiple of 3?
False
Is 153 a factor of 3108348?
True
Does 15 divide 164614?
False
Is 77 a factor of 2146760?
True
Is 500 a factor of 185474?
False
Does 40 divide 1065310?
False
Is 22 a factor of 735944?
True
Is 1379020 a multiple of 213?
False
Is 701 a factor of 9392699?
True
Is 14 a factor of 23043132?
True
Is 1878690 a multiple of 55?
True
Is 10516655 a multiple of 335?
True
Is 6 a factor of 103180?
False
Is 174 a factor of 947778?
True
Does 50 divide 1126650?
True
Is 512 a factor of 784435?
False
Does 203 divide 9540?
False
Is 2628344 a multiple of 18?
False
Does 306 divide 4152100?
False
Is 156 a factor of 59904?
True
Is 21 a factor of 159306?
True
Is 447 a factor of 205516?
False
Does 17 divide 15446?
False
Does 105 divide 151200?
True
Does 55 divide 7780?
False
Does 88 divide 224048?
True
Is 845 a factor of 3285360?
True
Is 14 a factor of 1443869?
False
Is 65 a factor of 785525?
True
Is 20 a factor of 55736?
False
Does 1698 divide 18465750?
True
Does 118 divide 4472554?
True
Is 953 a multiple of 86?
False
Does 19 divide 10773399?
True
Does 665 divide 1542490?
False
Does 610 divide 146400?
True
Is 248 a factor of 5196814?
False
Is 48351 a multiple of 227?
True
Is 33 a factor of 73528?
False
Is 18 a factor of 5744235?
False
Is 4282510 a multiple of 783?
False
Does 12 divide 1127330?
False
Is 260 a factor of 4802684?
False
Does 6 divide 319514?
False
Is 17 a factor of 38267?
True
Is 3717324 a multiple of 39?
True
Is 12 a factor of 1265944?
False
Is 69 a factor of 444498?
True
Is 16 a factor of 335403?
False
Is 116 a factor of 446136?
True
Is 73983 a multiple of 6?
False
Does 64 divide 21952?
True
Is 666578 a multiple of 340?
False
Is 104 a factor of 461656?
True
Is 2043571 a multiple of 45?
False
Is 1380787 a multiple of 234?
False
Is 63188 a multiple of 199?
False
Is 104 a factor of 136000?
False
Is 117964 a multiple of 28?
True
Is 92 a factor of 4038?
False
Is 16128088 a multiple of 14?
False
Is 20 a factor of 14472546?
False
Is 380965 a multiple of 21?
False
Is 136 a factor of 52451?
False
Is 1828035 a multiple of 23?
False
Is 146119 a multiple of 98?
False
Is 1374110 a multiple of 118?
True
Is 168 a factor of 476616?
True
Is 17 a factor of 20961?
True
Is 74 a factor of 135517?
False
Is 23100 a multiple of 33?
True
Is 17960378 a multiple of 214?
True
Is 50 a factor of 4204741?
False
Does 374 divide 90243?
False
Does 16 divide 20881?
False
Is 30 a factor of 594840?
True
Is 32732 a multiple of 160?
False
Is 14657 a multiple of 44?
False
Does 49 divide 1234634?
False
Is 1580625 a multiple of 125?
True
Is 330264 a multiple of 297?
True
Is 700416 a multiple of 8?
True
Is 4 a factor of 4654679?
False
Does 185 divide 1315312?
False
Is 34 a factor of 129549?
False
Does 10 divide 1532367?
False
Is 180 a factor of 30708?
False
Is 48 a factor of 716366?
False
Is 756705 a multiple of 15?
True
Is 217 a factor of 1219836?
False
Is 73 a factor of 1586509?
True
Is 555173 a multiple of 43?
True
Does 3 divide 32264?
False
Does 23 divide 7931691?
False
Is 12 a factor of 400464?
True
Does 45 divide 56790?
True
Is 67903 a multiple of 82?
False
Is 5085 a multiple of 3?
True
Is 55971 a multiple of 19?
False
Does 229 divide 15866237?
False
Is 144909 a multiple of 25?
False
Does 136 divide 34136?
True
Does 391 divide 1098371?
False
Is 7 a factor of 229850?
False
Is 24590 a multiple of 5?
True
Is 3143575 a multiple of 12?
False
Is 2136576 a multiple of 71?
False
Does 153 divide 96849?
True
Does 109 divide 3325843?
False
Is 31693 a multiple of 62?
False
Is 11 a factor of 51843?
True
Does 1083 divide 3322644?
True
Does 14 divide 7548?
False
Is 888559 a multiple of 22?
False
Is 103 a factor of 11079672?
False
Is 4 a factor of 423940?
True
Is 120972 a multiple of 204?
True
Does 20 divide 34420?
True
Is 31 a factor of 2009451?
True
Is 52647 a multiple of 19?
False
Is 1573269 a multiple of 361?
False
Is 2079986 a multiple of 13?
False
Is 158557 a multiple of 13?
False
Is 55 a factor of 647680?
True
Does 591 divide 1599246?
True
Does 1573 divide 7252104?
False
Is 355169 a multiple of 79?
False
Does 50 divide 35683?
False
Does 28 divide 2855782?
False
Is 5 a factor of 130579?
False
Is 617 a factor of 2363756?
False
Is 632124 a multiple of 27?
True
Is 116504 